?
6
What is the tens digit of 4037?
3
What is the tens digit of 370?
7
What is the tens digit of 70?
7
What is the units digit of 2166?
6
What is the hundreds digit of 25291?
2
What is the tens digit of 1918?
1
What is the units digit of 699?
9
What is the units digit of 166?
6
What is the units digit of 3151?
1
What is the tens digit of 607?
0
What is the units digit of 2450?
0
What is the units digit of 526?
6
What is the units digit of 39224?
4
What is the units digit of 658?
8
What is the ten thousands digit of 43490?
4
What is the units digit of 78916?
6
What is the units digit of 3410?
0
What is the thousands digit of 15243?
5
What is the hundreds digit of 4069?
0
What is the tens digit of 101439?
3
What is the units digit of 377?
7
What is the ten thousands digit of 39492?
3
What is the hundreds digit of 21180?
1
What is the units digit of 45680?
0
What is the units digit of 24457?
7
What is the units digit of 13830?
0
What is the tens digit of 1539?
3
What is the thousands digit of 38598?
8
What is the tens digit of 5222?
2
What is the ten thousands digit of 54626?
5
What is the hundreds digit of 16255?
2
What is the hundreds digit of 208?
2
What is the hundreds digit of 70641?
6
What is the hundreds digit of 5529?
5
What is the hundreds digit of 7325?
3
What is the hundreds digit of 1509?
5
What is the hundreds digit of 957?
9
What is the hundreds digit of 438?
4
What is the thousands digit of 1302?
1
What is the thousands digit of 7990?
7
What is the hundreds digit of 8505?
5
What is the thousands digit of 2494?
2
What is the hundreds digit of 4079?
0
What is the units digit of 22290?
0
What is the tens digit of 8755?
5
What is the tens digit of 174649?
4
What is the hundreds digit of 2912?
9
What is the hundreds digit of 3180?
1
What is the hundreds digit of 322?
3
What is the hundreds digit of 1867?
8
What is the tens digit of 3976?
7
What is the units digit of 833?
3
What is the tens digit of 336?
3
What is the units digit of 3521?
1
What is the thousands digit of 84145?
4
What is the units digit of 154277?
7
What is the hundreds digit of 23227?
2
What is the hundreds digit of 4268?
2
What is the thousands digit of 11381?
1
What is the hundreds digit of 35766?
7
What is the tens digit of 97557?
5
What is the units digit of 96419?
9
What is the thousands digit of 4608?
4
What is the tens digit of 1976?
7
What is the units digit of 543?
3
What is the hundreds digit of 3666?
6
What is the hundreds digit of 963?
9
What is the units digit of 18?
8
What is the tens digit of 2030?
3
What is the tens digit of 4357?
5
What is the hundreds digit of 271?
2
What is the units digit of 97?
7
What is the thousands digit of 8213?
8
What is the hundreds digit of 71062?
0
What is the units digit of 1461?
1
What is the tens digit of 967?
6
What is the hundreds digit of 22828?
8
What is the units digit of 3051?
1
What is the thousands digit of 2007?
2
What is the thousands digit of 25519?
5
What is the tens digit of 12539?
3
What is the tens digit of 64594?
9
What is the hundred thousands digit of 134813?
1
What is the units digit of 900?
0
What is the units digit of 16689?
9
What is the thousands digit of 1740?
1
What is the thousands digit of 2560?
2
What is the thousands digit of 6561?
6
What is the hundreds digit of 12213?
2
What is the tens digit of 47229?
2
What is the hundreds digit of 145172?
1
What is the hundreds digit of 898?
8
What is the tens digit of 1722?
2
What is the hundreds digit of 3355?
3
What is the units digit of 60005?
5
What is the hundreds digit of 710?
7
What is the ten thousands digit of 16652?
1
What is the thousands digit of 26999?
6
What is the thousands digit of 9347?
9
What is the hundreds digit of 598?
5
What is the units digit of 773?
3
What is the units digit of 21523?
3
What is the hundreds digit of 2774?
7
What is the tens digit of 2228?
2
What is the thousands digit of 31627?
1
What is the thousands digit of 33936?
3
What is the tens digit of 912?
1
What is the hundreds digit of 8948?
9
What is the tens digit of 135?
3
What is the units digit of 320?
0
What is the tens digit of 100123?
2
What is the tens digit of 1545?
4
What is the units digit of 4363?
3
What is the units digit of 921?
1
What is the units digit of 27947?
7
What is the hundreds digit of 3091?
0
What is the tens digit of 8888?
8
What is the thousands digit of 72798?
2
What is the tens digit of 226?
2
What is the units digit of 1182?
2
What is the units digit of 1748?
8
What is the tens digit of 3345?
4
What is the thousands digit of 1945?
1
What is the units digit of 3562?
2
What is the units digit of 1517?
7
What is the ten thousands digit of 34755?
3
What is the thousands digit of 28077?
8
What is the thousands digit of 1877?
1
What is the units digit of 1797?
7
What is the units digit of 3298?
8
What is the hundreds digit of 1788?
7
What is the hundreds digit of 7601?
6
What is the hundreds digit of 30078?
0
What is the tens digit of 48151?
5
What is the ten thousands digit of 21779?
2
What is the thousands digit of 2327?
2
What is the units digit of 1405?
5
What is the units digit of 7146?
6
What is the thousands digit of 4681?
4
What is the tens digit of 812?
1
What is the tens digit of 10790?
9
What is the units digit of 5050?
0
What is the hundreds digit of 575?
5
What is the ten thousands digit of 83883?
8
What is the tens digit of 45881?
8
What is the thousands digit of 57753?
7
What is the thousands digit of 6705?
6
What is the tens digit of 2339?
3
What is the hundreds digit of 3840?
8
What is the tens digit of 12?
1
What is the units digit of 3308?
8
What is the hundreds digit of 3021?
0
What is the thousands digit of 1926?
1
What is the thousands digit of 4476?
4
What is the tens digit of 18?
1
What is the thousands digit of 41404?
1
What is the units digit of 89947?
7
What is the units digit of 149760?
0
What is the hundreds digit of 50540?
5
What is the units digit of 868?
8
What is the thousands digit of 47075?
7
What is the thousands digit of 1236?
1
What is the thousands digit of 8938?
8
What is the hundreds digit of 2286?
2
What is the units digit of 1062?
2
What is the tens digit of 518?
1
What is the ten thousands digit of 44094?
4
What is the ten thousands digit of 87514?
8
What is the tens digit of 247?
4
What is the units digit of 513?
3
What is the tens digit of 3436?
3
What is the thousands digit of 2176?
2
What is the hundreds digit of 7837?
8
What is the ten thousands digit of 10272?
1
What is the hundreds digit of 371?
3
What is the units digit of 7520?
0
What is the thousands digit of 6859?
6
What is the thousands digit of 38651?
8
What is the units digit of 72517?
7
What is the thousands digit of 5961?
5
What is the hundreds digit of 15131?
1
What is the units digit of 71?
1
What is the tens digit of 1133?
3
What is the ten thousands digit of 46282?
4
What is the tens digit of 1398?
9
What is the tens digit of 29634?
3
What is the hundreds digit of 325?
3
What is the units digit of 7501?
1
What is the units digit of 19?
9
What is the hundreds digit of 1073?
0
What is the thousands digit of 22861?
2
What is the thousands digit of 17026?
7
What is the hundreds digit of 5493?
4
What is the hundreds digit of 100257?
2
What is the tens digit of 2893?
9
What is the tens digit of 44428?
2
What is the hundreds digit of 1332?
3
What is the units digit of 1013?
3
What is the tens digit of 8446?
4
What is the units digit of 28461?
1
What is the units digit of 5111?
1
What is the hundreds digit of 11296?
2
What is the thousands digit of 2280?
2
What is the tens digit of 99760?
6
What is the tens digit of 10212?
1
What is the units digit of 942?
2
What is the thousands digit of 1499?
1
What is the hundreds digit of 1653?
6
What is the thousands digit of 25253?
5
What is the hundreds digit of 1758?
7
What is the units digit of 764?
4
What is the units digit of 3399?
9
What is the thousands digit of 2026?
2
What is the hundreds digit of 39815?
8
What is the units digit of 11635?
5
What is the ten thousands digit of 20426?
2
What is the thousands digit of 1313?
1
What is the tens digit of 664?
6
What is the tens digit of 1063?
6
What is the hundred thousands digit of 148210?
1
What is the thousands digit of 4719?
4
What is the